t is the highest common factor of x and 8?
8
Suppose 0 = -3*v + 12 + 9. Let w = 34 - v. What is the highest common factor of 297 and w?
27
Suppose -a + 2 = -6. What is the highest common factor of 8 and a?
8
Suppose 4*v = 2*o + o - 4, 0 = 3*v - o - 2. Suppose 3*t = -v*t - y + 24, -2*y = 3*t - 13. Let s = 7 - t. What is the greatest common divisor of 8 and s?
2
Let t be 6/8 + (-9)/(-36). What is the greatest common factor of 8 and t?
1
Let x(l) = -l**3 - 13*l**2 - 18*l - 6. Let f be x(-12). Let q = -26 + 48. What is the greatest common divisor of q and f?
22
Suppose 4*r + 86 = 3*g, 4*g = 5*r - 43 + 156. What is the highest common divisor of 11 and g?
11
Let v = 17 + -12. Suppose 4*z - 44 + 15 = -x, v*x = -4*z + 65. What is the highest common factor of x and 1?
1
Suppose 5*p - 635 = 5*n, -p - 2*n - 2*n + 122 = 0. Suppose 0 = 5*m - 3 - 2. Let g = m - -13. What is the highest common factor of p and g?
14
Suppose -2*n - 147 = -t, 4*n - 278 = 3*t - 5*t. Calculate the greatest common factor of 13 and t.
13
Let c = -58 + 66. Calculate the greatest common divisor of 8 and c.
8
Suppose 3*x - 40 = 203. Calculate the highest common divisor of 9 and x.
9
Let x = -11 - -32. What is the highest common divisor of 3 and x?
3
Let d(r) = -r - 7. Let b be d(-6). Let z = b + 9. Let f = 131 - 91. Calculate the highest common factor of f and z.
8
Let y(l) = l**3 + 7*l**2 - 8*l + 5. Let b be y(-8). Suppose b*w - 14 = 6. Let u be 1/(-2) - (-42)/w. What is the highest common factor of u and 30?
10
Let d = 16 - 5. What is the greatest common divisor of 55 and d?
11
Let l(s) be the second derivative of s**5/20 - 70*s**2 - 3*s. Let v be l(0). Let x = v + 260. Calculate the highest common factor of 15 and x.
15
Let t = -18 + 20. Suppose t*v + 54 = 5*v. What is the greatest common divisor of 2 and v?
2
Suppose -4*n + 86 = -f, -n + f = 3 - 23. What is the highest common factor of 66 and n?
22
Let w = 24 + -9. What is the greatest common divisor of w and 135?
15
Let k(b) = -2*b**3 - 2*b**2 - 5*b. Let o be k(-3). What is the highest common factor of o and 17?
17
Suppose 3*h + 0*y - 115 = -y, 3*y - 49 = -h. Let z = 21 - h. Let k be ((-30)/(-1))/((-6)/z). Calculate the highest common divisor of k and 10.
10
Let s be (-10 + 13)/((-3)/(-10)). Calculate the highest common divisor of s and 50.
10
Suppose 0 = -8*o - 205 + 589. Calculate the greatest common divisor of o and 144.
48
Let j(v) = 2*v - 1. Let x be j(10). Calculate the highest common factor of x and 133.
19
Let x be 2 - 73 - 0 - -1. Let n = x - 59. Let d = n - -220. What is the highest common factor of d and 13?
13
Let r(g) = -g**2 + 10*g - 1. Let u = -6 + -4. Let a = u - -18. Let t be r(a). Calculate the highest common divisor of 5 and t.
5
Let m(l) = -l**3 + l + 1. Let q be m(0). Let s(t) = 7*t - 1. Let b be s(q). Suppose b*z = z + 285. What is the greatest common divisor of 19 and z?
19
Let w = -14 - -26. Calculate the greatest common factor of w and 60.
12
Let u(w) = w - 2. Let o be u(6). Suppose -5*k + 6 = -o*k. What is the greatest common factor of k and 6?
6
Let z be (30/(-6) - -4)*(-1)/1. Suppose 0 = -4*n + 2 + 2. What is the highest common divisor of n and z?
1
Let d(z) be the third derivative of 11*z**6/120 - z**5/60 + 2*z**2. Let v be d(1). What is the greatest common divisor of v and 70?
10
Let t be 4 - (-3 + 2)*6. Calculate the highest common divisor of 15 and t.
5
Let v(n) = -1 + 2*n + n**3 - 4*n - 5*n**2 + 10*n**2. Let x be v(-4). What is the highest common factor of x and 46?
23
Let t be -7*((3 - 5) + 0). Calculate the highest common factor of t and 14.
14
Suppose -8*v + 6*v + 684 = 0. What is the greatest common divisor of 38 and v?
38
Let y(a) = 39*a**2 + 2*a + 2. Let n be y(-1). Suppose 0 = 4*d - 3*d - 26. Calculate the highest common factor of n and d.
13
Let d be 2*(-2 - -3) + -1. Let a be (12*1 - 1) + d. Let j(h) = 27*h - 3. Let u be j(5). What is the greatest common factor of u and a?
12
Suppose -2*i = 0, 0 = 4*d + 4*i + i - 28. Calculate the greatest common divisor of d and 28.
7
Suppose 6*q - 17 + 5 = 0. Suppose -g + 3*u = -0 - 1, -g - 2*u = -6. Suppose g*n - 3 = -r, 3*r + 7 + 4 = -2*n. What is the greatest common factor of n and q?
2
Suppose 75 = 7*r - 107. What is the highest common factor of 286 and r?
26
Suppose -19*d - 58 + 1787 = 0. What is the highest common factor of d and 7?
7
Suppose 0 = -v + 4*v. Suppose v*k = -4*k - 4*r + 20, -3 = -r. Let c be 14 - 0/((-2)/(-1)). What is the highest common divisor of c and k?
2
Let z be -6*(1 + (-6)/4). Suppose z*b + 32 = 4*b. Suppose 40 = 5*r - 5*w, -5*w = -4*r - 10*w + b. Calculate the highest common divisor of 72 and r.
8
Suppose -2*c - 3 = 5, -5*j + 90 = 5*c. Calculate the greatest common divisor of j and 11.
11
Let k = 0 - -3. Suppose -5*b + k*q + 2*q - 10 = 0, -q = -2*b. Suppose o - 2*a + 40 = 5*o, -16 = -2*o - b*a. What is the greatest common divisor of o and 2?
2
Suppose 4*i + 27 = 3*p + 2*p, 3*p = 2*i + 15. Let m = 4 + p. Let f = 1 - 0. Calculate the highest common factor of m and f.
1
Let v = -5 + 17. Calculate the greatest common factor of v and 60.
12
Let r(n) = n**3 + 11*n**2 - 11*n + 16. Let t be r(-12). Suppose -t*g + 11 = -x + 2*x, 0 = 4*x + 5*g - 77. What is the highest common factor of 184 and x?
23
Let j be (1 - -1)*102/6. Calculate the greatest common divisor of j and 272.
34
Let o(f) be the third derivative of -f**5/60 - f**4/24 + 7*f**3/3 + 7*f**2. Let x be o(0). Calculate the greatest common divisor of 154 and x.
14
Let c(v) = v**2 - 9*v + 2. Let i be c(9). Let f be 21/9 + i/3. Calculate the greatest common factor of 15 and f.
3
Suppose -335 = -5*y + 5*z, -4*y - 4*z = -z - 240. What is the highest common factor of 7 and y?
7
Let o(r) = 0 + 1 - 4 - 3*r. Let q be o(-3). What is the highest common factor of q and 42?
6
Suppose -g - 2*d + 35 = 0, -d - 34 = -4*g + 70. What is the greatest common divisor of 9 and g?
9
Let r(f) = f**2 + 9*f + 12. Let n be r(-8). Calculate the greatest common factor of 4 and n.
4
Suppose -5*x - y + 444 = 0, 5*y = -x + 4*x - 244. Calculate the greatest common factor of 11 and x.
11
Let y be (409 + 2)*(-6)/9. Let f be (-6)/9 + y/(-6). What is the highest common factor of 30 and f?
15
Suppose -3*f = -2*f + 4*y + 60, 0 = 2*f + 3*y + 100. Let v be (4/8 + -1)*f. What is the highest common factor of 66 and v?
22
Let r(j) = j**3 + j**2 + j - 2. Let s be r(2). Suppose 4*d + s = 0, -3*o - 28 = -o + 2*d. Let f = 29 + o. What is the greatest common divisor of 6 and f?
6
Suppose -21 = -v + 4*o, 2*v + 3*o + 2 = -0. Suppose -3*k = -4*z + 18, -k - k + 34 = v*z. Suppose c = -2*c + 90. Calculate the highest common divisor of c and z.
6
Let v = 216 + -188. What is the highest common divisor of 63 and v?
7
Let h be 36/8*4/6. Suppose s - h*s = -30. What is the greatest common factor of s and 75?
15
Let n be (-165)/(-11) - (-1 - -1). What is the greatest common divisor of 20 and n?
5
Suppose 0 = -4*x - 8, -3*x + 1 = 2*w - 1. Suppose -2*u = -w*u + 8. Let g = 1 + 0. What is the greatest common divisor of g and u?
1
Let k(r) = 6*r**2 - r - 1. Let n be k(-1). Suppose -2*f + u = -24, -2*u - 2 = -n. Suppose 5*o - 78 = 2*o. Calculate the greatest common divisor of o and f.
13
Let z = 1 + 1. Let x be z/(-6) - (-30)/9. Suppose -x*y = -2 - 1. What is the highest common divisor of y and 8?
1
Suppose -c - 4*h = -0*c - 32, -c + 2*h + 20 = 0. Let a = c - -4. Calculate the greatest common factor of a and 112.
28
Let j = 27 - -9. Calculate the greatest common divisor of j and 9.
9
Suppose -6 = -6*i + 3*i. Let g(b) = b**2 - 7*b + 4. Let y be g(7). Calculate the highest common divisor of y and i.
2
Let a = 94 + -63. What is the highest common factor of a and 279?
31
Suppose -4*n = -40 - 48. What is the highest common divisor of 11 and n?
11
Let q be (-6 + 0)*(-2)/6. Suppose 0 = q*s + 3 - 21. Calculate the greatest common divisor of 36 and s.
9
Let t(w) = -2*w + 6. Let f be t(-8). Calculate the highest common divisor of 198 and f.
22
Suppose -2*y + 0*y = -12. Let q = 9 - -57. Calculate the highest common divisor of y and q.
6
Let s(z) = z**3 - 11*z**2 + z - 5. Let w be s(11). Suppose q = 2*q - w. What is the greatest common divisor of q and 15?
3
Suppose -4*d = d - 25. Calculate the highest common divisor of 1 and d.
1
Let t be (35 - -2) + 